ctor of 11637223?
False
Does 19 divide 25227694?
False
Is 366909 a multiple of 157?
True
Is 30 a factor of 60503?
False
Does 4 divide 33262?
False
Does 573 divide 27612870?
True
Is 1984050 a multiple of 6?
True
Is 904 a factor of 7297088?
True
Does 821 divide 2789758?
True
Is 632 a factor of 2912888?
True
Does 3 divide 42390?
True
Is 148662 even?
True
Is 18816 a multiple of 84?
True
Is 1103200 a multiple of 35?
True
Does 19 divide 10302503?
True
Does 8 divide 3093528?
True
Does 24 divide 234144?
True
Is 719767 a multiple of 16?
False
Does 417 divide 2470308?
True
Does 155 divide 10070389?
False
Does 15 divide 4735753?
False
Is 37 a factor of 72410?
False
Is 104 a factor of 672867?
False
Is 105 a factor of 742455?
True
Is 974378 a multiple of 8?
False
Does 265 divide 13371669?
False
Is 1913 a factor of 5299010?
True
Does 9 divide 712247?
False
Does 80 divide 38711?
False
Is 7 a factor of 32867?
False
Is 50 a factor of 145800?
True
Does 13 divide 315253?
False
Is 2774313 a multiple of 132?
False
Is 1634490 a multiple of 1170?
True
Is 56 a factor of 3771378?
False
Does 93 divide 241574?
False
Is 2937971 a multiple of 30?
False
Is 21 a factor of 331107?
True
Is 226922 a multiple of 2?
True
Is 169470 a multiple of 21?
True
Is 6310700 a multiple of 11?
True
Is 19074 a multiple of 16?
False
Is 626828 a multiple of 2?
True
Is 302094 a multiple of 39?
True
Is 3 a factor of 2461249?
False
Does 21 divide 38556?
True
Is 22 a factor of 42042?
True
Does 40 divide 396814?
False
Is 580195 a multiple of 72?
False
Does 28 divide 251104?
True
Does 4 divide 785948?
True
Does 917 divide 4411687?
True
Is 174525 a multiple of 25?
True
Is 7981585 a multiple of 218?
False
Is 370214 a multiple of 58?
True
Is 6 a factor of 316148?
False
Does 17 divide 1063855?
False
Does 79 divide 164419?
False
Is 157 a factor of 505010?
False
Is 1055756 a multiple of 52?
True
Is 124 a factor of 549888?
False
Does 173 divide 5428221?
True
Is 147 a factor of 243285?
True
Is 65916 a multiple of 18?
True
Is 1718356 a multiple of 4?
True
Does 176 divide 15673?
False
Does 72 divide 7713422?
False
Does 83 divide 704504?
True
Is 20 a factor of 1343292?
False
Is 237 a factor of 48585?
True
Is 55856 a multiple of 16?
True
Is 2662920 a multiple of 585?
True
Is 751 a factor of 668390?
True
Does 113 divide 2752115?
True
Is 22 a factor of 5537013?
False
Is 2118528 a multiple of 108?
True
Is 491294 a multiple of 5?
False
Is 1596632 a multiple of 6?
False
Is 1955787 a multiple of 97?
False
Does 12 divide 2379684?
True
Is 767 a factor of 4002973?
True
Is 539 a factor of 643566?
True
Does 67 divide 39467?
False
Is 123 a factor of 137637?
True
Does 34 divide 3943932?
True
Is 3039596 a multiple of 14?
True
Does 78 divide 5945113?
False
Is 30611 a multiple of 2?
False
Is 925160 a multiple of 808?
True
Is 38 a factor of 186984?
False
Is 351092 a multiple of 81?
False
Is 24 a factor of 118324?
False
Does 337 divide 18789?
False
Is 68800 a multiple of 25?
True
Does 7 divide 1026589?
False
Is 86377 a multiple of 2?
False
Is 80 a factor of 195920?
True
Is 954013 a multiple of 39?
False
Is 1050240 a multiple of 96?
True
Is 48 a factor of 499687?
False
Is 91 a factor of 113386?
True
Is 1075431 a multiple of 11?
False
Is 14476 a multiple of 213?
False
Is 57 a factor of 100662?
True
Does 285 divide 421800?
True
Is 18 a factor of 104654?
False
Is 365811 a multiple of 3?
True
Is 72 a factor of 550440?
True
Is 83 a factor of 78846?
False
Is 180706 a multiple of 7?
False
Is 2900736 a multiple of 8?
True
Is 25508724 a multiple of 2238?
True
Does 3 divide 3434870?
False
Is 400344 a multiple of 3?
True
Is 793804 a multiple of 23?
False
Is 3569462 a multiple of 31?
False
Is 1712 a factor of 13500832?
True
Does 170 divide 1138042?
False
Is 1040368 a multiple of 359?
False
Does 9 divide 405639?
True
Does 8 divide 241757?
False
Is 2 a factor of 82611?
False
Does 25 divide 25319?
False
Is 10322599 a multiple of 85?
False
Does 138 divide 2613306?
True
Does 2 divide 401301?
False
Is 6968934 a multiple of 1722?
True
Does 7 divide 233470?
False
Does 18 divide 253493?
False
Does 18 divide 229877?
False
Is 1931774 a multiple of 382?
True
Is 13 a factor of 24067094?
False
Is 110011 a multiple of 11?
True
Is 5509895 a multiple of 127?
True
Is 7 a factor of 53244?
False
Does 14 divide 408730?
True
Does 138 divide 142140?
True
Is 253624 a multiple of 56?
True
Does 10 divide 9349469?
False
Is 300999 a multiple of 13?
False
Is 3 a factor of 45105?
True
Is 15 a factor of 2049698?
False
Does 3 divide 1971371?
False
Is 93102 a multiple of 13?
False
Is 6 a factor of 13590?
True
Is 1198503 a multiple of 215?
False
Is 7954914 a multiple of 22?
True
Is 49 a factor of 276899?
True
Is 274079 a multiple of 31?
False
Does 35 divide 118440?
True
Does 167 divide 222611?
True
Does 476 divide 1708612?
False
Is 12 a factor of 368532?
True
Does 2 divide 126104?
True
Is 3530859 a multiple of 303?
True
Does 38 divide 263324?
False
Is 13 a factor of 222911?
True
Does 34 divide 842894?
True
Is 4840308 a multiple of 330?
False
Is 220 a factor of 141074?
False
Does 10 divide 5027138?
False
Is 98 a factor of 34496?
True
Is 437 a factor of 1650986?
True
Does 126 divide 529578?
True
Is 1027132 a multiple of 95?
False
Is 9639262 a multiple of 43?
False
Does 85 divide 353733?
False
Is 402696 a multiple of 17?
True
Does 5 divide 34182?
False
Is 308 a factor of 1233540?
True
Is 190530 a multiple of 306?
False
Is 759472 a multiple of 27?
False
Is 5171958 a multiple of 144?
False
Does 21 divide 5273100?
True
Does 5 divide 36134?
False
Does 209 divide 374781?
False
Is 35 a factor of 463545?
False
Is 250 a factor of 895249?
False
Is 6169663 a multiple of 17?
False
Does 513 divide 4297914?
True
Does 5 divide 466253?
False
Is 317955 a multiple of 41?
True
Is 66 a factor of 48151?
False
Is 10 a factor of 36580?
True
Is 1731630 a multiple of 197?
True
Is 48 a factor of 692075?
False
Is 40788 a multiple of 35?
False
Does 19 divide 2207667?
True
Is 372 a factor of 651033?
False
Is 856045 a multiple of 55?
False
Is 778 a factor of 694754?
True
Does 13 divide 527553?
True
Does 971 divide 1953652?
True
Is 2105202 a multiple of 5?
False
Is 3 a factor of 85633?
False
Is 1626624 a multiple of 192?
True
Does 12 divide 352932?
True
Is 25 a factor of 44869?
False
Does 350 divide 12600?
True
Does 34 divide 35904?
True
Is 10673670 a multiple of 21?
True
Does 149 divide 4321?
True
Is 649152 a multiple of 63?
True
Is 13268766 a multiple of 197?
False
Is 23613 even?
False
Is 26241920 a multiple of 1252?
True
Is 27 a factor of 5052186?
True
Does 8 divide 116512?
True
Does 17 divide 992001?
True
Is 553 a factor of 170324?
True
Is 1841172 a multiple of 6?
True
Is 279 a factor of 2357246?
False
Does 402 divide 10128667?
False
Is 17 a factor of 1493033?
False
Is 12 a factor of 118152?
True
Does 26 divide 4094367?
False
Is 45100 a multiple of 11?
True
Is 1296468 a multiple of 9?
True
Does 24 divide 1315025?
False
Is 612000 a multiple of 255?
True
Is 561531 a multiple of 22?
False
Is 353216 a multiple of 108?
False
Is 18 a factor of 824078?
False
Is 714907 a multiple of 103?
False
Does 316 divide 656332?
True
Is 561 a factor of 630564?
True
Is 8968256 a multiple of 704?
True
Does 11 divide 3203955?
False
Does 14 divide 1647002?
True
Does 98 divide 258135?
False
Does 11 divide 3592149?
True
Is 151 a factor of 44847?
True
Is 48 a factor of 443808?
True
Is 19 a factor of 163457?
True
Is 1976344 a multiple of 10?
False
Is 10 a factor of 38783?
False
Is 13042671 a multiple of 8?
False
Is 2482236 a multiple of 18?
True
Does 32 divide 121760?
True
Is 19 a factor of 4314098?
False
Is 297528 a multiple of 132?
True
Is 1146 a factor of 10726227?
False
Does 12 divide 86915?
False
Is 8 a factor of 1790784?
True
Is 221108 a multiple of 17?
False
Is 12458938 a multiple of 1379?
False
Is 93202 a multiple of 19?
False
Does 277 divide 13333672?
True
Is 587 a factor of 418965?
False
Is 2160928 a multiple of 11?
True
Is 1615728 a multiple of 328?
True
Does 271 divide 606020?
False
Is 1311986 a multiple of 447?
False
Is 102264 a multiple of 64?
False
Does 121 divide 220864?
False
Does 38 divide 2097?
False
Does 41 divide 47888?
True
Is 11167 a multiple of 13?
True
Is 148895 a multiple of 19?
False
Is 18 a factor 